{"id":15,"date":"2023-01-22T15:26:52","date_gmt":"2023-01-22T14:26:52","guid":{"rendered":"https:\/\/www.fynn-hornberg.de\/?page_id=15"},"modified":"2023-02-01T09:05:01","modified_gmt":"2023-02-01T08:05:01","slug":"schoene-portfolios-fuer-aussergewoehnliche-kreative","status":"publish","type":"page","link":"https:\/\/www.fynn-hornberg.de\/","title":{"rendered":"&#8222;Sport und Journalismus sind mein Leben&#8220;"},"content":{"rendered":"\n<p class=\"has-text-align-center\">Ich bin ein Sportenthusiast mit der Liebe zu den Medien und dem Journalismus. Seitdem ich klein war, begeistert mich der Sport, egal ob Fu\u00dfball, Basketball oder Football. Ich m\u00f6chte andere Menschen f\u00fcr den Sport begeistern. Dazu kommt die Leidenschaft Geschichten zu erz\u00e4hlen und die Welt kritisch zu hinterfragen.<\/p>\n\n\n\n<div style=\"height:55px\" aria-hidden=\"true\" class=\"wp-block-spacer\"><\/div>\n\n\n\n<div class=\"wp-block-group alignfull has-background\" style=\"background-color:#e5e9ec\"><div class=\"wp-block-group__inner-container is-layout-flow wp-block-group-is-layout-flow\">\n<div class=\"wp-block-columns is-layout-flex wp-container-core-columns-is-layout-9d6595d7 wp-block-columns-is-layout-flex\">\n<div class=\"wp-block-column is-vertically-aligned-center is-layout-flow wp-block-column-is-layout-flow\">\n<h2 class=\"wp-block-heading\">\u00dcber mich<\/h2>\n\n\n\n<p>Ich bin freier Journalist und arbeite f\u00fcrs Radio und produziere Videos f\u00fcr Online und TV. Au\u00dferdem schreibe ich Texte f\u00fcr Web- und Zeitung.<\/p>\n\n\n\n<div class=\"wp-block-buttons is-horizontal is-content-justification-left is-layout-flex wp-container-core-buttons-is-layout-7e5fce0a wp-block-buttons-is-layout-flex\">\n<div class=\"wp-block-button is-style-outline is-style-outline--1\"><a class=\"wp-block-button__link wp-element-button\" href=\"https:\/\/www.fynn-hornberg.de\/?page_id=16\">Mehr \u00fcber mich gibts hier<\/a><\/div>\n<\/div>\n\n\n\n<p><\/p>\n<\/div>\n\n\n\n<div class=\"wp-block-column is-layout-flow wp-block-column-is-layout-flow\">\n<div style=\"height:48px\" aria-hidden=\"true\" class=\"wp-block-spacer\"><\/div>\n\n\n\n<figure class=\"wp-block-image size-large is-resized\"><img fetchpriority=\"high\" decoding=\"async\" src=\"https:\/\/www.fynn-hornberg.de\/wp-content\/uploads\/2023\/01\/IMG_9988-1-1024x683.jpg\" alt=\"\" class=\"wp-image-30\" width=\"363\" height=\"242\" srcset=\"https:\/\/www.fynn-hornberg.de\/wp-content\/uploads\/2023\/01\/IMG_9988-1-1024x683.jpg 1024w, https:\/\/www.fynn-hornberg.de\/wp-content\/uploads\/2023\/01\/IMG_9988-1-300x200.jpg 300w, https:\/\/www.fynn-hornberg.de\/wp-content\/uploads\/2023\/01\/IMG_9988-1-768x512.jpg 768w, https:\/\/www.fynn-hornberg.de\/wp-content\/uploads\/2023\/01\/IMG_9988-1-1536x1024.jpg 1536w, https:\/\/www.fynn-hornberg.de\/wp-content\/uploads\/2023\/01\/IMG_9988-1-2048x1365.jpg 2048w, https:\/\/www.fynn-hornberg.de\/wp-content\/uploads\/2023\/01\/IMG_9988-1-2000x1333.jpg 2000w, https:\/\/www.fynn-hornberg.de\/wp-content\/uploads\/2023\/01\/IMG_9988-1-600x400.jpg 600w\" sizes=\"(max-width: 363px) 100vw, 363px\" \/><\/figure>\n<\/div>\n<\/div>\n<\/div><\/div>\n\n\n\n<div class=\"wp-block-group alignfull\"><div class=\"wp-block-group__inner-container is-layout-flow wp-block-group-is-layout-flow\">\n<div class=\"wp-block-columns are-vertically-aligned-center is-layout-flex wp-container-core-columns-is-layout-9d6595d7 wp-block-columns-is-layout-flex\">\n<div class=\"wp-block-column is-vertically-aligned-center is-layout-flow wp-block-column-is-layout-flow\">\n<div style=\"height:48px\" aria-hidden=\"true\" class=\"wp-block-spacer\"><\/div>\n\n\n\n<figure class=\"wp-block-image size-large is-resized\"><img decoding=\"async\" src=\"https:\/\/www.fynn-hornberg.de\/wp-content\/uploads\/2023\/01\/Bild-FFH-1-724x1024.jpg\" alt=\"\" class=\"wp-image-31\" width=\"289\" height=\"409\" srcset=\"https:\/\/www.fynn-hornberg.de\/wp-content\/uploads\/2023\/01\/Bild-FFH-1-724x1024.jpg 724w, https:\/\/www.fynn-hornberg.de\/wp-content\/uploads\/2023\/01\/Bild-FFH-1-212x300.jpg 212w, https:\/\/www.fynn-hornberg.de\/wp-content\/uploads\/2023\/01\/Bild-FFH-1-768x1086.jpg 768w, https:\/\/www.fynn-hornberg.de\/wp-content\/uploads\/2023\/01\/Bild-FFH-1-1086x1536.jpg 1086w, https:\/\/www.fynn-hornberg.de\/wp-content\/uploads\/2023\/01\/Bild-FFH-1-600x849.jpg 600w, https:\/\/www.fynn-hornberg.de\/wp-content\/uploads\/2023\/01\/Bild-FFH-1.jpg 1414w\" sizes=\"(max-width: 289px) 100vw, 289px\" \/><\/figure>\n<\/div>\n\n\n\n<div class=\"wp-block-column is-vertically-aligned-center is-layout-flow wp-block-column-is-layout-flow\">\n<h2 class=\"wp-block-heading\">Projekte<\/h2>\n\n\n\n<p>Ob Radiobeitr\u00e4ge f\u00fcr Hit Radio FFH, Videodokumentation und k\u00fcrzere Videos f\u00fcr YouTube &amp; Co., oder Texte f\u00fcr die Frankfurter Neue Presse Taunuszeitung.<\/p>\n\n\n\n<div class=\"wp-block-buttons is-layout-flex wp-block-buttons-is-layout-flex\">\n<div class=\"wp-block-button is-style-outline is-style-outline--2\"><a class=\"wp-block-button__link wp-element-button\" href=\"https:\/\/www.fynn-hornberg.de\/?page_id=18\">Blog<\/a><\/div>\n<\/div>\n<\/div>\n<\/div>\n<\/div><\/div>\n\n\n\n<div class=\"wp-block-cover alignfull is-light has-parallax is-position-center-center\" style=\"min-height:353px;aspect-ratio:unset;\"><span aria-hidden=\"true\" class=\"wp-block-cover__background has-black-background-color has-background-dim-40 has-background-dim\"><\/span><div role=\"img\" class=\"wp-block-cover__image-background wp-image-34 has-parallax\" style=\"background-position:50% 50%;background-image:url(https:\/\/www.fynn-hornberg.de\/wp-content\/uploads\/2023\/01\/Volksparstadion-scaled.jpg)\"><\/div><div class=\"wp-block-cover__inner-container is-layout-flow wp-block-cover-is-layout-flow\">\n<p class=\"has-text-align-center has-text-color has-huge-font-size\" style=\"color:#fffffa;line-height:1.1\"><strong>Zu meinen Socials<\/strong><\/p>\n\n\n\n<div class=\"wp-block-wpzoom-blocks-social-icons is-style-with-canvas-round\" style=\"--wpz-social-icons-block-item-font-size:18px;--wpz-social-icons-block-item-padding-horizontal:6px;--wpz-social-icons-block-item-padding-vertical:6px;--wpz-social-icons-block-item-margin-horizontal:5px;--wpz-social-icons-block-item-margin-vertical:5px;--wpz-social-icons-block-item-border-radius:50px;--wpz-social-icons-block-label-font-size:16px;--wpz-social-icons-block-label-color:#2e3131;--wpz-social-icons-block-label-color-hover:#2e3131;--wpz-social-icons-alignment:center\"><a href=\"https:\/\/www.instagram.com\/fynn_hornberg\/\" class=\"social-icon-link\" title=\"Instagram\" style=\"--wpz-social-icons-block-item-color:#E4405F;--wpz-social-icons-block-item-color-hover:#E4405F\"><span class=\"social-icon socicon socicon-instagram\"><\/span><\/a><a href=\"https:\/\/www.linkedin.com\/in\/fynn-hornberg-517008210\/\" class=\"social-icon-link\" title=\"Linkedin\" style=\"--wpz-social-icons-block-item-color:#1da1f2;--wpz-social-icons-block-item-color-hover:#1da1f2\"><span class=\"social-icon socicon socicon-linkedin\"><\/span><\/a><a href=\"mailto:mail@fynn-hornberg.de\" class=\"social-icon-link\" title=\"Mail\" style=\"--wpz-social-icons-block-item-color:#1877F2;--wpz-social-icons-block-item-color-hover:#1877F2\"><span class=\"social-icon socicon socicon-mail\"><\/span><\/a><\/div>\n\n\n\n<div class=\"wp-block-buttons is-horizontal is-content-justification-center is-layout-flex wp-container-core-buttons-is-layout-499968f5 wp-block-buttons-is-layout-flex\"><\/div>\n\n\n\n<p class=\"has-text-align-left has-text-color has-small-font-size\" style=\"color:#fffffa;line-height:1.1\">Foto: Matthias Scharf<\/p>\n<\/div><\/div>\n\n\n\n<hr class=\"wp-block-separator has-alpha-channel-opacity\"\/>\n","protected":false},"excerpt":{"rendered":"<p>Ich bin ein Sportenthusiast mit der Liebe zu den Medien und dem Journalismus. Seitdem ich klein war, begeistert mich der Sport, egal ob Fu\u00dfball, Basketball oder Football. Ich m\u00f6chte andere Menschen f\u00fcr den Sport begeistern. Dazu kommt die Leidenschaft Geschichten zu erz\u00e4hlen und die Welt kritisch zu hinterfragen. \u00dcber mich Ich bin freier Journalist und &hellip; <\/p>\n<p class=\"link-more\"><a href=\"https:\/\/www.fynn-hornberg.de\/\" class=\"more-link\">Mehr <span class=\"screen-reader-text\">\u00fcber &#8222;&#8222;Sport und Journalismus sind mein Leben&#8220;&#8220; <\/span>Lesen<\/a><\/p>\n","protected":false},"author":1,"featured_media":14,"parent":0,"menu_order":0,"comment_status":"closed","ping_status":"closed","template":"","meta":{"footnotes":""},"class_list":["post-15","page","type-page","status-publish","has-post-thumbnail","hentry"],"featured_media_urls":{"thumbnail":["https:\/\/www.fynn-hornberg.de\/wp-content\/uploads\/2023\/01\/StockSnap_M6D1GS9PSL-2-150x150.jpg",150,150,true],"medium":["https:\/\/www.fynn-hornberg.de\/wp-content\/uploads\/2023\/01\/StockSnap_M6D1GS9PSL-2-300x198.jpg",300,198,true],"medium_large":["https:\/\/www.fynn-hornberg.de\/wp-content\/uploads\/2023\/01\/StockSnap_M6D1GS9PSL-2-768x506.jpg",768,506,true],"large":["https:\/\/www.fynn-hornberg.de\/wp-content\/uploads\/2023\/01\/StockSnap_M6D1GS9PSL-2-1024x674.jpg",950,625,true],"1536x1536":["https:\/\/www.fynn-hornberg.de\/wp-content\/uploads\/2023\/01\/StockSnap_M6D1GS9PSL-2-1536x1011.jpg",1536,1011,true],"2048x2048":["https:\/\/www.fynn-hornberg.de\/wp-content\/uploads\/2023\/01\/StockSnap_M6D1GS9PSL-2.jpg",2000,1317,false],"inspiro-featured-image":["https:\/\/www.fynn-hornberg.de\/wp-content\/uploads\/2023\/01\/StockSnap_M6D1GS9PSL-2.jpg",2000,1317,false],"inspiro-loop":["https:\/\/www.fynn-hornberg.de\/wp-content\/uploads\/2023\/01\/StockSnap_M6D1GS9PSL-2-950x320.jpg",950,320,true],"inspiro-loop@2x":["https:\/\/www.fynn-hornberg.de\/wp-content\/uploads\/2023\/01\/StockSnap_M6D1GS9PSL-2-1900x640.jpg",1900,640,true],"portfolio_item-thumbnail":["https:\/\/www.fynn-hornberg.de\/wp-content\/uploads\/2023\/01\/StockSnap_M6D1GS9PSL-2.jpg",600,395,false],"portfolio_item-thumbnail@2x":["https:\/\/www.fynn-hornberg.de\/wp-content\/uploads\/2023\/01\/StockSnap_M6D1GS9PSL-2.jpg",1200,790,false],"portfolio_item-masonry":["https:\/\/www.fynn-hornberg.de\/wp-content\/uploads\/2023\/01\/StockSnap_M6D1GS9PSL-2.jpg",600,395,false],"portfolio_item-masonry@2x":["https:\/\/www.fynn-hornberg.de\/wp-content\/uploads\/2023\/01\/StockSnap_M6D1GS9PSL-2.jpg",1200,790,false],"portfolio_item-thumbnail_cinema":["https:\/\/www.fynn-hornberg.de\/wp-content\/uploads\/2023\/01\/StockSnap_M6D1GS9PSL-2.jpg",509,335,false],"portfolio_item-thumbnail_portrait":["https:\/\/www.fynn-hornberg.de\/wp-content\/uploads\/2023\/01\/StockSnap_M6D1GS9PSL-2.jpg",600,395,false],"portfolio_item-thumbnail_portrait@2x":["https:\/\/www.fynn-hornberg.de\/wp-content\/uploads\/2023\/01\/StockSnap_M6D1GS9PSL-2.jpg",1200,790,false],"portfolio_item-thumbnail_square":["https:\/\/www.fynn-hornberg.de\/wp-content\/uploads\/2023\/01\/StockSnap_M6D1GS9PSL-2.jpg",800,527,false]},"_links":{"self":[{"href":"https:\/\/www.fynn-hornberg.de\/index.php?rest_route=\/wp\/v2\/pages\/15","targetHints":{"allow":["GET"]}}],"collection":[{"href":"https:\/\/www.fynn-hornberg.de\/index.php?rest_route=\/wp\/v2\/pages"}],"about":[{"href":"https:\/\/www.fynn-hornberg.de\/index.php?rest_route=\/wp\/v2\/types\/page"}],"author":[{"embeddable":true,"href":"https:\/\/www.fynn-hornberg.de\/index.php?rest_route=\/wp\/v2\/users\/1"}],"replies":[{"embeddable":true,"href":"https:\/\/www.fynn-hornberg.de\/index.php?rest_route=%2Fwp%2Fv2%2Fcomments&post=15"}],"version-history":[{"count":17,"href":"https:\/\/www.fynn-hornberg.de\/index.php?rest_route=\/wp\/v2\/pages\/15\/revisions"}],"predecessor-version":[{"id":95,"href":"https:\/\/www.fynn-hornberg.de\/index.php?rest_route=\/wp\/v2\/pages\/15\/revisions\/95"}],"wp:featuredmedia":[{"embeddable":true,"href":"https:\/\/www.fynn-hornberg.de\/index.php?rest_route=\/wp\/v2\/media\/14"}],"wp:attachment":[{"href":"https:\/\/www.fynn-hornberg.de\/index.php?rest_route=%2Fwp%2Fv2%2Fmedia&parent=15"}],"curies":[{"name":"wp","href":"https:\/\/api.w.org\/{rel}","templated":true}]}}